highest common divisor of 13090 and 462.
154
Calculate the greatest common factor of 145 and 1115.
5
What is the greatest common factor of 55 and 154?
11
What is the highest common factor of 297 and 135?
27
Calculate the greatest common divisor of 19 and 152.
19
Calculate the highest common factor of 504 and 42.
42
What is the highest common divisor of 370 and 148?
74
Calculate the highest common divisor of 7645 and 44.
11
Calculate the greatest common divisor of 25794 and 18.
18
What is the highest common divisor of 72 and 774?
18
Calculate the greatest common factor of 72 and 19692.
36
What is the greatest common factor of 385 and 2835?
35
What is the greatest common factor of 63 and 171?
9
What is the greatest common divisor of 21 and 483?
21
Calculate the greatest common factor of 441 and 49.
49
What is the greatest common factor of 29 and 725?
29
Calculate the highest common factor of 4530 and 604.
302
What is the greatest common divisor of 186 and 22506?
186
What is the highest common factor of 234 and 36?
18
What is the highest common factor of 497 and 7?
7
Calculate the greatest common divisor of 89 and 2.
1
What is the greatest common factor of 30 and 315?
15
What is the greatest common factor of 649 and 22?
11
Calculate the greatest common factor of 65 and 1105.
65
What is the highest common factor of 228 and 171?
57
What is the highest common divisor of 47 and 47?
47
What is the greatest common divisor of 884 and 136?
68
What is the greatest common factor of 19 and 19?
19
Calculate the greatest common factor of 272 and 304.
16
Calculate the highest common divisor of 1113 and 21.
21
What is the greatest common factor of 390 and 35?
5
What is the highest common factor of 10 and 1280?
10
What is the greatest common divisor of 5892 and 12?
12
Calculate the greatest common factor of 17 and 68.
17
What is the highest common divisor of 5633 and 131?
131
Calculate the highest common divisor of 2816 and 192.
64
What is the greatest common divisor of 10566 and 18?
18
Calculate the greatest common divisor of 11248 and 1368.
152
What is the greatest common factor of 132 and 16764?
132
Calculate the greatest common divisor of 3250 and 10.
10
Calculate the greatest common factor of 332 and 16.
4
What is the greatest common factor of 304 and 342?
38
What is the greatest common factor of 384 and 24?
24
What is the highest common factor of 6 and 3558?
6
What is the greatest common factor of 44 and 20548?
44
Calculate the highest common divisor of 44 and 3927.
11
What is the highest common factor of 467 and 8?
1
Calculate the highest common divisor of 124 and 4.
4
What is the highest common divisor of 65 and 4355?
65
Calculate the greatest common factor of 185 and 5.
5
Calculate the greatest common divisor of 2805 and 10.
5
Calculate the highest common factor of 236 and 2419.
59
What is the highest common factor of 2044 and 7884?
292
Calculate the highest common divisor of 1152 and 320.
64
Calculate the highest common factor of 220 and 40.
20
Calculate the highest common factor of 200 and 680.
40
Calculate the highest common factor of 16 and 160.
16
Calculate the greatest common factor of 1745 and 235.
5
What is the greatest common divisor of 11960 and 368?
184
Calculate the greatest common factor of 5715 and 495.
45
Calculate the highest common factor of 2592 and 192.
96
What is the highest common divisor of 201 and 1675?
67
What is the highest common factor of 95 and 2660?
95
What is the greatest common divisor of 2183 and 59?
59
Calculate the highest common divisor of 30 and 48810.
30
What is the highest common divisor of 48 and 504?
24
Calculate the greatest common factor of 192 and 15.
3
What is the greatest common divisor of 117 and 78?
39
Calculate the highest common divisor of 3886 and 402.
134
Calculate the greatest common divisor of 32 and 1552.
16
Calculate the greatest common factor of 48 and 168.
24
What is the highest common factor of 2232 and 18?
18
What is the highest common divisor of 17 and 799?
17
Calculate the highest common factor of 882 and 98.
98
What is the highest common factor of 12 and 474?
6
What is the highest common divisor of 6 and 90?
6
Calculate the highest common divisor of 14 and 3136.
14
What is the greatest common divisor of 126 and 3654?
126
Calculate the highest common divisor of 60 and 6180.
60
Calculate the highest common divisor of 84 and 924.
84
Calculate the highest common divisor of 664 and 128.
8
What is the greatest common divisor of 28 and 32?
4
What is the highest common factor of 279 and 217?
31
What is the greatest common factor of 77 and 28?
7
What is the highest common factor of 188 and 2726?
94
What is the greatest common divisor of 170 and 30?
10
Calculate the greatest common divisor of 2274 and 12.
6
Calculate the highest common divisor of 214 and 3531.
107
What is the highest common factor of 252 and 812?
28
What is the greatest common factor of 1288 and 184?
184
What is the greatest common factor of 110 and 55?
55
Calculate the greatest common factor of 253 and 11.
11
What is the highest common factor of 96255 and 27?
27
Calculate the greatest common factor of 1023 and 11.
11
Calculate the highest common factor of 1 and 13.
1
What is the greatest common divisor of 1305 and 1015?
145
Calculate the greatest common factor of 28 and 826.
14
Calculate the highest common factor of 25 and 1225.
25
What is the highest common factor of 276 and 12?
12
Calculate the greatest common factor of 46856 and 16.
8
What is the highest common factor of 77 and 175?
7
Calculate the greatest common divisor of 66 and 3498.
66
What is the highest common factor of 29 and 116?
29
What is the greatest common factor of 224 and 469?
7
Calculate the highest common divisor of 2800 and 112.
112
What is the highest common factor of 828 and 36?
36
What is the highest common factor of 1125 and 72?
9
What is the highest common divisor of 50 and 18?
2
What is the greatest common factor of 13 and 1313?
13
What is the greatest common divisor of 39 and 6?
3
Calculate the greatest common divisor of 341 and 62.
31
What is the greatest common divisor of 990 and 440?
110
What is the greatest common divisor of 930 and 14?
2
What is the greatest common divisor of 28 and 8?
4
Calculate the highest common divisor of 73 and 584.
73
Calculate the greatest common divisor of 208 and 48.
16
Calculate the greatest common divisor of 176 and 4862.
22
Calculate the greatest common divisor of 8041 and 34.
17
Calculate the highest common divisor of 510 and 272.
34
What is the greatest common factor of 48 and 146?
2
What is the greatest common factor of 101 and 24038?
101
Calculate the highest common factor of 24350 and 30.
10
What is the greatest common divisor of 3339 and 315?
63
Calculate the greatest common divisor of 412 and 400.
4
What is the highest common divisor of 4 and 12?
4
Calculate the highest common factor of 176 and 6358.
22
Calculate the highest common divisor of 861 and 7872.
123
Calculate the highest common divisor of 304 and 48.
16
What is the greatest common divisor of 375 and 105?
15
What is the highest common divisor of 629 and 17?
17
What is the highest common divisor of 9 and 288?
9
What is the greatest common factor of 12 and 2280?
12
Calculate the greatest common divisor of 399 and 6.
3
Calculate the greatest common divisor of 24 and 8.
8
Calculate the highest common divisor of 16 and 128.
16
What is the greatest common divisor of 80 and 400?
80
Calculate the highest common divisor of 204 and 36.
12
Calculate the greatest common divisor of 1665 and 81.
9
What is the greatest common divisor of 2520 and 80?
40
Calculate the greatest common divisor of 42 and 438.
6
Calculate the greatest common divisor of 9761 and 43.
43
Calculate the highest common divisor of 3813 and 124.
31
What is the highest common factor of 126 and 6300?
126
What is the greatest common divisor of 212 and 3074?
106
Calculate the highest common factor of 2750 and 330.
110
Calculate the highest common factor of 4180 and 80.
20
Calculate the highest common factor of 39 and 9789.
39
Calculate the greatest common factor of 35 and 1120.
35
What is the highest common divisor of 80 and 180?
20
What is the greatest common factor of 754 and 234?
26
Calculate the 